of u?
8
Let s be (-8)/(-3)*9/(-4). Let o(p) = 5*p**3 + 7*p**2 + 6*p + 3. Let k(z) = -z**3. Let i(a) = 4*k(a) + o(a). What is the units digit of i(s)?
3
Suppose -2*x + 0 = 6. What is the units digit of (-189)/(-15) + x/5?
2
Suppose -f = 3*y - 7, 2*f = -2*f - 3*y + 73. Suppose f = 2*g + 2. Suppose 2*z + 0*z = g. What is the units digit of z?
5
Let q be (-1)/(2/(-4)*1). What is the tens digit of (-24)/(-1) - -1 - q?
2
Let y = 35 - 14. What is the tens digit of y?
2
Suppose -36 = 7*y - 3*y. Let n = y + 27. What is the tens digit of n?
1
What is the tens digit of 17/(4 + -2 - 1)?
1
Let b(a) = a**3 - 7*a**2 - 8*a + 2. Let t be b(8). What is the units digit of 22/10 + t/(-10)?
2
Let m(h) = 5 - 2 + 2*h**2 - 3*h + 1. Suppose z - 7 = -4*k, 10*z = 5*z - 25. What is the units digit of m(k)?
3
Let p = 68 + -51. What is the tens digit of p?
1
Suppose m - 11*m + 20 = 0. What is the units digit of m?
2
Let a be -3 + 5 + -1 + -13. What is the units digit of (-8 - a) + 3 + -1?
6
What is the units digit of 2504/10 - 0 - 2/5?
0
Suppose 3*b - 160 = -b. Let d = b - 21. What is the tens digit of d?
1
Let u be (-2)/10 - 272/40. Let a = u + 12. What is the units digit of a?
5
Let u(s) = -41*s + 1. What is the units digit of u(-1)?
2
Let j be 2/8 + (-54)/(-8). Let z = -6 + j. What is the units digit of z?
1
Suppose -3*s + 29 = -34. What is the units digit of s?
1
Suppose -3*w - 58 = -4*w - 5*s, 344 = 5*w - 2*s. What is the tens digit of w?
6
Suppose -6*q + 1041 + 1413 = 0. What is the units digit of q?
9
Suppose 0 = -2*a + a + 25. Suppose 3*g + 10 = a. Suppose g*h - 12 = 8. What is the units digit of h?
4
Let o be 15/2*(-12)/(-10). Let a(i) = -2 - i + o*i + 3*i - 2*i. What is the units digit of a(2)?
6
Let z = -38 + 248. What is the units digit of z?
0
Let k(w) = w**3 + 3*w**2 - 1. Let b be k(-2). What is the units digit of b/((-9)/(-3)) + 4?
5
Let v be 2/(3*(-1)/(-3)). Let j(k) = -v*k + 3*k + 1 + 14*k**2 - k. What is the tens digit of j(1)?
1
Suppose 121*l = 115*l + 2382. What is the hundreds digit of l?
3
Suppose -2*q - 3*o = 13, -4*q + 4*o - 11 = -q. Let n(t) = 2*t + 1. Let x be n(1). What is the units digit of (1*x)/(6 + q)?
3
Suppose -5*u - 4 = -2*a, 0 = -0*u - 5*u + a - 2. Let d(l) be the third derivative of l**4/24 + 2*l**3/3 + l**2. What is the units digit of d(u)?
4
Suppose 2*t - 429 = -3*s - 134, -4*s = 4*t - 400. What is the units digit of s?
5
Let m be (-4 - -3) + 4/1. Suppose -2*c = m*w - 1, -c + 3*c + 1 = -w. What is the units digit of w?
1
Let g = -46 + 68. What is the units digit of g?
2
Let z be 16/24*(6 + 0). Suppose -f - 2*f + v = -51, -2*f + 44 = -z*v. What is the tens digit of f?
1
Let l(f) = 2*f**2 - 7*f - 2. Let c be l(5). Suppose -4*t = y + t - 1, c = y + t. What is the tens digit of y?
1
Let c = 4 + -3. Let l be 0 + c/((-3)/(-6)). What is the units digit of (4/(-12))/(l/(-42))?
7
Let q = 20 + -10. Suppose 2*l - 5*j = -q, -9 = -5*l + j + 3*j. What is the units digit of l?
5
What is the tens digit of (-5 - -764)*1*3/9?
5
Suppose -2 = 2*u - 10. Suppose -4*h + u*o + 32 = -0*o, 5*h - 3*o - 50 = 0. What is the tens digit of h?
1
Suppose -12 = 2*j - 6*j. Suppose -j = -i - 2. What is the units digit of i?
1
Suppose -2*a - 10 = -2*p - 3*a, -25 = -5*p - a. Let b be (0/2)/2 + 5. Suppose -2*m + 2*f + 2 = -3*f, b*m = 2*f + p. What is the units digit of m?
1
Let x = -3 - -6. Suppose 0*v = -4*u - x*v + 157, 167 = 4*u + v. What is the tens digit of u?
4
Suppose v + 3*v = 212. What is the tens digit of v?
5
Let w(v) = -2*v - 3. What is the tens digit of w(-10)?
1
Suppose -3*d - 5*q = -99, -5*q + 4*q - 3 = 0. What is the units digit of d?
8
Let x(f) be the third derivative of f**6/120 - 2*f**5/15 - 5*f**4/24 - 5*f**3/6 - f**2. What is the units digit of x(9)?
1
Let r(w) = 14*w + 4. Let n be r(3). Let g = -32 + n. Suppose 0 = 4*q - h - 17, 5*h + 3 + g = 3*q. What is the units digit of q?
4
Let w = -18 + 46. Suppose 0 = 5*v - w + 3. What is the units digit of v?
5
Suppose 0 = -2*o - o + 6. Let s = o - -2. What is the units digit of s?
4
Let i be 3 - (-3 + 3 + 3). Let b(m) = -m**2 - m - 6. Let o be b(i). What is the units digit of (-88)/(-5) + o/(-15)?
8
Suppose -3*p + 1 + 14 = 0. What is the units digit of 13 + p/((-15)/6)?
1
Suppose -2*i - 13 + 109 = 3*u, 0 = -2*u - 4. What is the tens digit of i?
5
Suppose 20*b = 19*b + 162. What is the tens digit of b?
6
Suppose 0 = -g + 4*y + 16, -11 = -g + 2*g + 5*y. Let f(s) = 0 - 2 + 8*s - 3*s. What is the tens digit of f(g)?
1
Suppose f - 4 - 3 = 0. Let o(c) = c**2 - 8*c - 7. Let h be o(f). What is the tens digit of ((-40)/h)/((-4)/(-14))?
1
Let p be -5 + 4/2 - -21. Let n be (p/12)/(2/(-12)). What is the units digit of ((-2)/6)/(3/n)?
1
Let q = 3 - -3. Let c = q - -2. Suppose -5*x = t + 5, 5*x - c = -5*t + 7. What is the units digit of t?
5
Suppose 24 = c + 3*l, 0 = -10*l + 6*l + 16. What is the tens digit of c?
1
Suppose -v + 4*c = -65, v - 3*c + 30 = 2*v. What is the units digit of v?
5
Let g(d) = -d + 2. Suppose -3*o - 2*o = 0. Suppose o*n = -n. What is the units digit of g(n)?
2
Let x = 72 + -51. What is the tens digit of x?
2
Suppose 4*b = -u + 2*b, -2*u - b = 0. Suppose 136 = 5*s - u*x + 3*x, 0 = -2*s + 2*x + 48. What is the tens digit of s?
2
Let q = 6 + -6. Suppose 2*r + 10 = 5*g, 3*r - 3*g + q*g - 3 = 0. Suppose -h = -0*h - r. What is the units digit of h?
5
Let d = -9 + 11. Suppose -29 = -d*g - 3*l, 5*l + 112 = 5*g - 23. What is the tens digit of g?
2
Let x(r) = -r**3 + 8*r**2 + 4*r - 14. What is the units digit of x(8)?
8
Let o(y) = -y**2 + 9*y. Let b be o(5). Suppose 3*x - 7*x + b = 0. What is the units digit of x + (-3)/(-1 - 0)?
8
Suppose -2*l = y - 5*y - 76, 3*l + 5*y - 125 = 0. What is the tens digit of l?
4
Let g = -16 + 16. What is the tens digit of (g - 1)/(1/(-27))?
2
Suppose 3*t = -4*z + 7 + 25, t - 19 = -3*z. Let n be ((-4)/z)/((-4)/10). Suppose -3*j = -3*f + 9, -4*f - n*j + 42 = -0*j. What is the units digit of f?
8
What is the tens digit of (1*6)/(38/1653)?
6
Let q(r) = r**2 - r - 1. What is the units digit of q(7)?
1
Suppose -497 = -3*p + 775. What is the units digit of p?
4
Let b(c) be the second derivative of 0*c**2 + 5/6*c**4 + 0*c**3 + 0 - 3*c. What is the units digit of b(-1)?
0
Suppose -5*y - 103 = -4*p, 2*p - 4 = 4*y + 52. Let h = 33 - p. What is the units digit of h?
1
Let y(n) = n**2 + 5*n + 2. Let l be y(-6). Let h = l - 4. What is the tens digit of h/((-8)/22)*-1?
1
Let b(m) = -m**3 - 4*m**2 + 4*m + 13. What is the units digit of b(-6)?
1
Let p = 12 + -11. Suppose -32 = -3*z + p. What is the units digit of z?
1
Let p be (-12)/(-6) - -2*1. Let y = p - 0. What is the units digit of y?
4
Let j(f) = 2*f - 2. Let l be j(6). Let z(u) = -u**2 + 12*u - 6. What is the units digit of z(l)?
4
Let i(h) = -h**2 - 23*h - 18. What is the hundreds digit of i(-9)?
1
Suppose -5*f = -5*u - 1 - 4, 0 = f - 4*u - 4. Let y be 10/(-4)*(f + -2). Suppose 0 = -4*j + 4*d + 8, -y*j = -j - 5*d - 6. What is the units digit of j?
4
Let v be 1/(((-5)/(-9))/(-5)). Let a = 0 - v. What is the units digit of a?
9
Suppose a = 4*c - 14, 2*a - 12 = 2*c - 4*c. Let v be 3*a/(-4)*-2. What is the units digit of (v - (-5)/(-2))*36?
8
Let n(v) be the second derivative of v**3/6 - 7*v**2/2 - 3*v. What is the units digit of n(8)?
1
Suppose -4*s = 3*s - 119. What is the tens digit of s?
1
Suppose 3*h + 4*m = 8, 4*m - 16 = h + 8. Let f = -15 - -39. What is the units digit of (h - -1)*f/(-9)?
8
Let y be (-4)/(-8)*0 + 3. What is the units digit of (-12)/y + 13 + 1?
0
Suppose -70 = -4*k - 10. What is the tens digit of k?
1
Let o(u) = -u**2 - 3*u + 4. Let i be o(-4). Suppose -b + 47 + 18 = 3*s, -3*b + 5*s + 125 = i. What is the tens digit of b?
5
Suppose -f = 2*r - 4*f + 45, 2*f + 65 = -5*r. What is the units digit of (-81)/r - 2/5?
5
Let y(j) be the third derivative of j**4/8 + j**3/6 - 4*j**2. Suppose 3*u = -3*q, 3*u - 3 + 1 = -2*q. What is the units digit of y(u)?
7
Let x(k) = 3*k**2 - 5*k + 2. Let s be x(-4). Let o = -28 + s. What is the units digit of o/(-4)*8/(-12)?
7
Let j be ((-2)/4)/(1/(-8)). Suppose 5*x - j*x - 24 = 0. What is the tens digit of x?
2
What is the hundreds digit of -1*(5 + -9 - 250)?
2
Suppose 40 = 2*l - 24. What is the units digit of l?
2
Suppose -787 = -9*m + 4*m - 3*v, -m - v + 159 = 0. What is the tens digit